te the greatest common divisor of 1841 and 28.
7
What is the highest common divisor of 1241 and 365?
73
Calculate the greatest common factor of 72 and 9.
9
What is the highest common factor of 3570 and 21?
21
What is the greatest common factor of 202 and 38582?
202
Calculate the highest common factor of 91 and 14.
7
Calculate the highest common divisor of 294 and 67032.
294
What is the highest common divisor of 882 and 36?
18
Calculate the greatest common divisor of 417 and 9869.
139
What is the highest common divisor of 413 and 133?
7
What is the greatest common factor of 6 and 327?
3
What is the greatest common divisor of 184 and 4094?
46
What is the greatest common factor of 1504 and 12?
4
Calculate the greatest common factor of 64 and 4.
4
What is the greatest common factor of 250 and 19750?
250
Calculate the greatest common divisor of 136 and 340.
68
Calculate the highest common factor of 264 and 1848.
264
What is the greatest common divisor of 28 and 124?
4
Calculate the highest common factor of 380 and 8189.
19
What is the greatest common factor of 468 and 288?
36
Calculate the greatest common factor of 88 and 154.
22
Calculate the highest common factor of 380 and 11628.
76
Calculate the greatest common divisor of 1610 and 1840.
230
What is the greatest common factor of 782 and 552?
46
Calculate the greatest common divisor of 61 and 549.
61
Calculate the highest common divisor of 204 and 22236.
204
What is the greatest common factor of 39 and 65?
13
What is the greatest common factor of 96 and 352?
32
Calculate the highest common divisor of 3354 and 312.
78
What is the highest common divisor of 27 and 26541?
27
What is the greatest common factor of 128 and 160?
32
What is the highest common divisor of 249 and 1660?
83
Calculate the highest common divisor of 1 and 757.
1
What is the highest common divisor of 3245 and 495?
55
Calculate the highest common factor of 150 and 250.
50
Calculate the greatest common divisor of 33 and 429.
33
What is the greatest common factor of 10 and 40030?
10
Calculate the greatest common divisor of 2744 and 256.
8
Calculate the greatest common divisor of 876 and 240.
12
What is the highest common factor of 3042 and 18?
18
What is the greatest common divisor of 9 and 27?
9
Calculate the greatest common factor of 736 and 32.
32
Calculate the greatest common factor of 34 and 1054.
34
What is the greatest common divisor of 4 and 2344?
4
Calculate the greatest common divisor of 6 and 87.
3
What is the greatest common factor of 103 and 309?
103
Calculate the highest common factor of 80 and 185.
5
What is the greatest common divisor of 1920 and 84?
12
Calculate the highest common factor of 8 and 2712.
8
Calculate the greatest common factor of 10 and 4410.
10
What is the greatest common factor of 153 and 18?
9
What is the greatest common factor of 812 and 112?
28
Calculate the greatest common divisor of 123 and 12.
3
What is the greatest common divisor of 26 and 65780?
26
Calculate the highest common divisor of 80 and 2100.
20
Calculate the highest common factor of 752 and 141.
47
What is the greatest common factor of 40 and 260?
20
Calculate the highest common factor of 196 and 833.
49
What is the greatest common factor of 1908 and 36?
36
What is the greatest common factor of 55 and 3773?
11
What is the greatest common divisor of 30 and 42?
6
What is the highest common divisor of 777 and 21?
21
What is the greatest common divisor of 810 and 130?
10
Calculate the highest common divisor of 9 and 711.
9
What is the greatest common factor of 559 and 52?
13
Calculate the highest common divisor of 333 and 18.
9
What is the highest common factor of 350 and 938?
14
Calculate the highest common divisor of 14 and 105.
7
Calculate the greatest common divisor of 90 and 410.
10
Calculate the highest common divisor of 63552 and 48.
48
What is the highest common divisor of 18 and 5922?
18
Calculate the greatest common factor of 84 and 1092.
84
Calculate the greatest common divisor of 27 and 549.
9
What is the greatest common factor of 469 and 335?
67
Calculate the greatest common divisor of 11 and 1617.
11
What is the greatest common factor of 14 and 32?
2
What is the greatest common divisor of 13 and 6591?
13
What is the greatest common divisor of 28 and 28?
28
What is the greatest common factor of 264 and 20504?
88
Calculate the greatest common divisor of 375 and 10375.
125
What is the highest common factor of 21 and 12061?
7
What is the greatest common factor of 4588 and 37?
37
Calculate the greatest common divisor of 104 and 598.
26
What is the highest common divisor of 80 and 100?
20
What is the greatest common divisor of 79 and 79?
79
Calculate the greatest common factor of 26 and 13.
13
Calculate the greatest common divisor of 1368 and 19.
19
Calculate the greatest common divisor of 166 and 31872.
166
Calculate the highest common factor of 63 and 35.
7
What is the highest common divisor of 63 and 798?
21
Calculate the greatest common factor of 10 and 640.
10
What is the highest common divisor of 18 and 24579?
9
Calculate the greatest common factor of 991 and 5.
1
Calculate the highest common factor of 732 and 72.
12
Calculate the highest common divisor of 27 and 243.
27
Calculate the greatest common factor of 10126 and 122.
122
What is the greatest common divisor of 10 and 890?
10
Calculate the highest common divisor of 1209 and 39.
39
What is the highest common factor of 51 and 114?
3
What is the highest common divisor of 80 and 480?
80
Calculate the highest common divisor of 187 and 275.
11
Calculate the highest common divisor of 19000 and 304.
152
What is the highest common divisor of 9 and 51?
3
Calculate the greatest common divisor of 315 and 6255.
45
What is the highest common factor of 2091 and 164?
41
What is the highest common divisor of 56 and 2380?
28
What is the greatest common divisor of 57 and 19?
19
Calculate the greatest common factor of 93 and 159.
3
What is the highest common factor of 6 and 44?
2
What is the greatest common factor of 18 and 7974?
18
Calculate the greatest common divisor of 28980 and 28.
28
What is the highest common divisor of 22 and 55?
11
Calculate the greatest common factor of 447 and 21.
3
What is the highest common factor of 856 and 535?
107
Calculate the greatest common divisor of 28 and 70.
14
Calculate the highest common factor of 689 and 13.
13
What is the greatest common divisor of 4158 and 168?
42
Calculate the greatest common factor of 78078 and 14.
14
Calculate the highest common factor of 352 and 896.
32
Calculate the greatest common divisor of 102 and 765.
51
Calculate the highest common factor of 7 and 67.
1
Calculate the highest common factor of 1971 and 73.
73
What is the highest common divisor of 132 and 2013?
33
Calculate the highest common factor of 560 and 945.
35
Calculate the highest common divisor of 216 and 270.
54
Calculate the greatest common divisor of 24 and 10644.
12
What is the greatest common divisor of 5 and 10680?
5
Calculate the highest common divisor of 414 and 198.
18
What is the highest common divisor of 107 and 47936?
107
What is the greatest common factor of 342 and 304?
38
What is the greatest common factor of 837 and 372?
93
What is the greatest common divisor of 15 and 39?
3
What is the highest common factor of 44 and 1188?
44
What is the highest common divisor of 46 and 4646?
46
What is the highest common factor of 486 and 1782?
162
What is the highest common divisor of 1080 and 8370?
270
What is the highest common divisor of 169 and 273?
13
What is the highest common divisor of 484 and 22?
22
What is the greatest common divisor of 5 and 235?
5
Calculate the greatest common factor of 182 and 3003.
91
What is the highest common factor of 231 and 21?
21
What is the highest common factor of 4361 and 21?
7
Calculate the highest common factor of 10 and 2.
2
Calculate the highest common factor of 50 and 810.
10
What is the greatest common divisor of 1274 and 208?
26
Calculate the highest common factor of 26 and 4186.
26
Calculate the highest common factor of 258 and 12.
6
What is the highest common factor of 24 and 17328?
24
Calculate the highest common divisor of 10 and 130.
10
Calculate the greatest common divisor of 19467 and 27.
27
Calculat